-5 + -5 - (-29 - (10 - 49))?
-20
Calculate (-19 - -1) + -53 + 61 + -30.
-40
What is -9 - (8 - -6) - (-9 - (-4 + -10 + 1))?
-27
198 + -201 + 10 + (9 + -92 - -7)
-69
Calculate 12 - (8 + (1 - (27 + -18))) - -29.
41
What is the value of -25 - ((-3 - 18) + -4 - -45)?
-45
Calculate 60 - ((6 - -14) + -13 - 54).
107
Evaluate 48 + 58 + 4 + -147.
-37
Evaluate -26 + (190 + -1 - (-59 - -77)).
145
What is the value of 1 + 0 + 0 + -14 + (-41452 - -41404)?
-61
What is 1688 + -1641 + (37 - 7)?
77
88 - (45 + 64 - 32)
11
What is the value of (1445 - 1516) + 79 + 9?
17
Calculate 28 - 35 - 14 - (14 + -28).
-7
Calculate -35 - (55 - 30 - 37).
-23
What is the value of 0 + -29 - (1234 - 1239)?
-24
-379 - -466 - (-12 + 33)
66
12 - (-6 - (-85 - -117))
50
Calculate (-3428 - -3446) + 2 + -76.
-56
What is 15 - (-68 - (-44 + -66))?
-27
Evaluate (-4 - (-17 - -14)) + -12 + (-3 - 2 - -22).
4
13 - (-12 - 40) - 55
10
What is (-181 - -162) + (-6 - (-57 - -4))?
28
(3 - (0 + 2 - 3)) + 327 + -302 - -7
36
What is 5 - 68 - (905 + -884)?
-84
What is (-262 - -627 - 424) + (-1 + 1 - -13)?
-46
What is the value of (0 - (7 - (-4 - (-21 + 19)))) + -2?
-11
Calculate (73 - -35 - 17) + 31.
122
Calculate 11 - (22 - (10 + -12 + 1) - -4).
-16
-3 - 5 - (-90 - -9 - 17 - (3 + -2))
91
What is 19 + -30 + ((-3 - -4) + -14 - -6)?
-18
12 + -10 + -3 + (38 - 26) - (76 + -1)
-64
Evaluate 128 - (-50 + 126 + 112).
-60
-80 - (47 - (94 + 12))
-21
What is the value of -2 + -40 - (-4551 - -4409)?
100
Evaluate (2 - (-14 - -15)) + (24 - 25).
0
What is the value of 34 - (-25 + -64) - (11 - -15)?
97
Evaluate 189 - (-98 + 280) - (-1 + -28 - (1 - 2)).
35
Calculate (71 - 109) + 52 - (23 + 1).
-10
Evaluate 1 + -61 + 3 + -11 + 9 + (17 - 30).
-72
-7 + -2 + 0 + (8203 - 8176) + (25 - 1)
42
What is (19 - -40 - 53) + 35?
41
What is the value of -1 + 2 - (-1289 + 1297 + (0 - 1))?
-6
(-12 - (2 + -6)) + 3 + (-141 - (-31 - -14))
-129
Evaluate (-28 - 3) + 32 - (1 - -8) - (-43 + 12).
23
Calculate 0 - (55 - 55) - (-3 + -44 - -3).
44
What is the value of -59 + (20 - ((-62 - -34) + 80))?
-91
What is 1 - (164 + -151 - (50 - -1))?
39
Evaluate (-5 - -13 - -4) + (0 + -12 - -17).
17
What is the value of 1 + -5 - (31 + 19 - -6)?
-60
25 + -2 + 4 + 31 + -43 + (29 - 19)
25
What is the value of -18 + 33 + (-16 - (6 + -8)) + -9?
-8
Calculate -20 + 1 + (-11 - (-51 + 91 + -41)).
-29
Evaluate -47 - (-59 + (-25 - -84)).
-47
Evaluate -21 + 2 - (20 + 27 + -48 + -1).
-17
What is -40 + 77 + -17 + 22?
42
-3 - 23 - (0 + -1 - (83 + -78))
-20
What is 52 + (21 - (16 - -6))?
51
What is the value of (-15 - (-2 + -10 + -2)) + (34 + 3 - 1)?
35
Evaluate (-8 + 5 - -25) + (2 - (6 + -10)).
28
23 + (21 + (12 - 52) - 18)
-14
Calculate 68 + 2 - (1 - ((-4 - 1) + -9 + 10)).
65
What is the value of (-15 - (0 + 5 - (29 + 41))) + (-2 - 7)?
41
Calculate -41 + 13 + 22 + (-9 - -9 - (1 - -1)).
-8
What is the value of -1326 + 1302 - (-5 - (-2 - -27))?
6
Evaluate (-5 - 29) + (45 - -16 - -49).
76
Evaluate 45 + 90 + -52 - (18 - -6).
59
What is the value of -80 + -145 + 91 + 132?
-2
What is the value of -4 + -3 + -6 - -1 - -6 - (-9 - 1)?
4
What is 23 + (-22 + -31 - -7) - -8?
-15
Calculate -56 + -5 + (91 - 82) + -51.
-103
What is the value of (-1 - 1 - (0 - (10 + -10))) + 8 - 28?
-22
Calculate 7 + (-12 - -53 - (89 + 22)).
-63
Calculate (17 + 2 - 22) + -7.
-10
What is the value of (0 - -2) + (-40 - (-22 - -30 - -10))?
-56
Evaluate -340 + 348 + -1 + 15.
22
Evaluate (1 - -2) + 18 + -3 + (1843 - 1849).
12
Evaluate -1 + -77 + 149 + -56.
15
What is -41 + 0 + 12 + -16 + 3 + -9?
-51
What is -6 + 3 + (5 - -11) + (9 - 33)?
-11
Evaluate (-26 + 44 - 8) + 16 + 47.
73
Evaluate (-1 - -2) + -10 + -74 + -64 + 130.
-17
Evaluate 7 - (72 - ((320 - 311) + (-2 - 0 - 17))).
-75
What is -56 - (-11 + (3 - 13))?
-35
(0 - -7) + 6 + (7 + -1 - -3)
22
17 + 3 + 11 + -25 + -31
-25
What is -21 - ((12 - (34 + -37)) + -6 + -1)?
-29
Evaluate -87 - (-52 - (20 - 13)).
-28
Evaluate 29 + 16 - (0 + -2 + -22 - -28).
41
What is 0 + -48 - (-15833 - -15750)?
35
Calculate -7 - (-57 - (-4 - 5)) - -13.
54
Calculate (44 - ((-13 - 5 - -17) + 16)) + (1 - -1).
31
What is the value of -43 + -48 + -1 + 91?
-1
(-162 - -175) + (-7 - 3) - (-1 + 32)
-28
What is (18 + 4 + -39 - -58) + 1 + (9 - 1)?
50
What is -11 + (-68 - -91) + 24?
36
Calculate -58 + (-53 - (24 - 125)).
-10
(-10 - -4) + -73 - (-32 + (59 - 35))
-71
Evaluate -31 + (38 - (-35 - -46)).
-4
What is (41 - (36 + -19)) + 0 - (6 - (-3 - -3))?
18
What is 60 + 1 + -4 + 35 + -46 + 16 - -16?
78
Calculate (1 - 2 - 19) + (-137 + 121 - (-3 + -6)).
-27
-128 + -122 + 211 + (95 - -1)
57
What is -29237 + 29205 + 14 + -1?
-19
What is 286 + -237 - 14 - (25 - 0)?
10
Evaluate -12 + -35 + 71 + -41 - -45.
28
What is 136 + -24 + -87 - (-47 - 1)?
73
Calculate (40 - (-86 + -35)) + -107.
54
Calculate 141 - (-121 - (115 - 350)).
27
Calculate (-225 - -260) + -12 + 10 + -3.
30
What is -4 - ((-15 - -16) + 9) - -8 - 4 - -70?
60
Calculate (-61 - (11 - 12)) + 58.
-2
What is 31 + -1 + (6 - (10 + -18 + 20))?
24
Calculate 166 + -159 + -26 + 1 - 10.
-28
What is the value of (5 - 17) + (-5 - (18 + 2 - 15))?
-22
Calculate (-15 - -8) + 10 + 8 + -26 + -18.
-33
-24 + 81 + (-4 - -2)
55
19 + 17 + -33 - (-3 + 2 + -6)
10
Calculate -175 - (-161 + (100 - 33)).
-81
What is the value of 6 - (40 - (-57 + 97))?
6
Evaluate -51 + 87 - (10 - -52).
-26
-14 + (0 - 7) - (-2 - 7) - (12 - 4)
-20
What is 6 + (-44 - -55) + 5?
22
What is 101 + 27 - 147 - (12 - -1)?
-32
Evaluate -20 - (-19 - -32) - -3 - 14.
-44
What is -4 - (4 + -8 + -3 - (5 - (7 + -3)))?
4
Calculate -55 - (-67 + (97 - 47)).
-38
(148 - (210 + -117)) + -72
-17
(63 + 11 - -3) + (-3 - (3 - 2) - -3)
76
What is the value of -40 + -217 + 247 - (77 - 1)?
-86
(28 + -54 - -50 - (9 + 0)) + -33
-18
Evaluate -36 + -25 + 27 + -30.
-64
Calculate 52 + (-11 - (-5 + -8 + 20 + -10 + 0)).
44
What is the value of -15 - (-2 + -8) - (-9 - (-12 + 3) - -4)?
-9
Evaluate -7 + -1 + 40 + -5 + -8 + 1 + 0.
20
Calculate -60 - (-21 - -9) - 5.
-53
-1 - 6 - (-3 - 63) - (57 - 46)
48
Calculate -47 + (10 - (-59 - -18)).
4
Evaluate (-26 - (-37 - -79)) + 13 + (-1 + 0 - -4).
-52
Evaluate (-8 - 1) + (-1 - (5 + -12)) + -14 + -27.
-44
Evaluate -17 - 48 - (-9 + 0).
-56
-13 + (-10 - (24 + 20)) - (0 + 5)
-72
Evaluate (36 + 16 + -14 - 32) + 35.
41
What is ((-5 - -3) + -1 - -18) + 6 - 10?
11
Calculate -9 + -29 + 9 - (-5 + 7 + -5).
-26
(0 - (-39 + 18)) + -18 + 13
16
What is 45 - (35 - 1) - (106 + -5) - 20?
-110
Calculate (3 - (2 + 4 - (20 + -18))) + 12 + -58.
-47
Calculate (-17 - (6 + -29)) + 2 + -1 - 83.
-76
Calculate -11 - -1 - ((-8 - (28 + -14 + -9)) + 6).
-3
What is 9 + 26 + -10 + -12 + (12 - -2)?
27
Calculate (3 - 5) + (8 - 14 - 7).
-15
Calculate -53 - (21 - 42) - 12.
-44
What is (4 - 8 - -18) + (-441 - -433)?
6
1 - (20 + -1) - (1025 - 1033) - (-3 - 105)
98
What is (191 + -162 - (3 + 17)) + (-3 - -1) + 16?
23
What is the value of 38 + (-12 - 6 - 14) - (14 + 1)?
-9
Evaluate -1 + 24 - (119 + (-127 - -26)).
5
What is -26 + -35 + 4 - 16?
-73
Evaluate 134259 - 134190 - (0 + -27 + 0).
96
What is 11 - (25 - 8) - (-3 - 6) - -26?
29
What is (-2 + 68 - 33) + (-4 - 0) + 4?
33
What is the value of -55 + (1 + -8 - (17 + 34 - 71))?
-42
What is the value of 7 + 10 + 10 + -11?
16
What is -5 - (-13 + 13 + -10) - (0 - (-14 + -1))?
-10
Evaluate 8 + 7 + (-18 - (38 - (-21 + 31))).
-31
Evaluate (27 - 11) + (-7 - -59 - 145).
-77
(13 - (-71 - -76 - (-5 - 2))) + 0 - 0
1
What is (-3 + 2 - 3 - -9 - 12) + -32?
-39
-222 - -268 - (-7 - -16)
37
-22 + (24 - 42 - -9) - -12
-19
Calculate -22 + 15 + 28 + -32.
-11
-488 - -488 - (-97 - 31)
128
What is the value of 35 + (31 - 61) + -14?
-9
(2 - (-3 + -4 + (77 - 72))) + -47
-43
(18 - 54 - 31) + -4
-71
14004 + -13957 - (92 - -1)
-46
-39 + (26 + -80 + 40 - 5)
-58
Evaluate -2 + 16 - (22 + -27 + -71).
90
Calculate 187 + -100 + 42 - 122.
7
Evaluate 7 - (-11 - -142) - (204 - 212).
-116
What is 0 + 0 + (68 - 79) + -13 + (12 - -100)?
88
-95 + (-20 - 53 - -114)
-54
Calculate -42 + 4 - -30 - 31 - (12 - 1).
-50
Evaluate 106 + -160 + 88 - 53.
-19
Evaluate -13 - ((131 - 135) + (0 - -2) + -8 + 73).
-76
Evaluate -44 + (-28 - 9 - -13 - -24).
-44
Evaluate -231 - (-206 - -102) - (3 + -3 - 5).
-122
Calculate 652 - 604 - (30 + -2) - (4 + 79).
-63
7 + 1 + 20 + (1 - 22)
7
What is (62 - 41) + (-21 - -27)?
27
What is the valu